{"id":1505,"date":"2022-08-24T21:26:24","date_gmt":"2022-08-24T19:26:24","guid":{"rendered":"http:\/\/viaduc-groupe.com\/?page_id=1505"},"modified":"2022-08-24T23:34:24","modified_gmt":"2022-08-24T21:34:24","slug":"politique-de-confidentialite","status":"publish","type":"page","link":"https:\/\/viaduc-groupe.com\/?page_id=1505","title":{"rendered":"Politique de confidentialit\u00e9"},"content":{"rendered":"\t\t<div data-elementor-type=\"wp-page\" data-elementor-id=\"1505\" class=\"elementor elementor-1505\">\n\t\t\t\t\t\t<section class=\"elementor-section elementor-top-section elementor-element elementor-element-d61aeb9 elementor-section-height-min-height elementor-section-boxed elementor-section-height-default elementor-section-items-middle\" data-id=\"d61aeb9\" data-element_type=\"section\">\n\t\t\t\t\t\t<div class=\"elementor-container elementor-column-gap-default\">\n\t\t\t\t\t<div class=\"elementor-column elementor-col-100 elementor-top-column elementor-element elementor-element-49adedf9\" data-id=\"49adedf9\" data-element_type=\"column\">\n\t\t\t<div class=\"elementor-widget-wrap elementor-element-populated\">\n\t\t\t\t\t\t<div class=\"elementor-element elementor-element-698ec002 elementor-widget elementor-widget-heading\" data-id=\"698ec002\" data-element_type=\"widget\" data-widget_type=\"heading.default\">\n\t\t\t\t<div class=\"elementor-widget-container\">\n\t\t\t\t\t<h1 class=\"elementor-heading-title elementor-size-default\">Politique de confidentialit\u00e9<\/h1>\t\t\t\t<\/div>\n\t\t\t\t<\/div>\n\t\t\t\t<div class=\"elementor-element elementor-element-59171a9 elementor-widget elementor-widget-text-editor\" data-id=\"59171a9\" data-element_type=\"widget\" data-widget_type=\"text-editor.default\">\n\t\t\t\t<div class=\"elementor-widget-container\">\n\t\t\t\t\t\t\t\t\t<p>Conform\u00e9ment aux articles 39 et suivants de la loi n\u00b0 78-17 du 6 janvier 1978 modifi\u00e9e en 2004 relative \u00e0 l\u2019informatique aux fichiers et aux libert\u00e9s et conform\u00e9ment au r\u00e8glement g\u00e9n\u00e9ral sur la protection des donn\u00e9es du 25 mai 2018, toute personne peut obtenir communication et, le cas \u00e9ch\u00e9ant, rectification ou suppression des informations la concernant, soient ses donn\u00e9es personnelles, en s\u2019adressant \u00e0 communication@viaduc-groupe.com\u00a0\u00a0<\/p><p>\u00a0<\/p><p>Si vous \u00eates inscrit sur le site de www.viaduc-groupe.com et souhaitez-vous d\u00e9sinscrire, adressez-vous \u00e0\u202fcommunication@viaduc-groupe.com\u00a0\u00a0<\/p><p>\u00a0<\/p><p>Politique de protection des donn\u00e9es \u00e0 caract\u00e8re personnel.\u00a0<\/p><p>\u00a0<\/p><p>Le R\u00e8glement g\u00e9n\u00e9ral sur la protection des donn\u00e9es (RGPD) est le nouveau cadre juridique de l\u2019Union europ\u00e9enne qui gouverne la collecte et le traitement des\u202fdonn\u00e9es \u00e0 caract\u00e8re personnel\u202fdes utilisateurs. Il entre en vigueur et prend effet le\u202f25 mai\u202f2018. Il s\u2019applique \u00e0 toutes les entit\u00e9s implant\u00e9es dans un pays europ\u00e9en qui traitent des donn\u00e9es \u00e0 caract\u00e8re personnel, ainsi qu\u2019\u00e0 toutes les entit\u00e9s \u00e0 travers le monde qui traitent des donn\u00e9es \u00e0 caract\u00e8re personnel appartenant \u00e0 des r\u00e9sidents de l\u2019UE.\u00a0<\/p><p>\u00a0<\/p><p>En tant qu\u2019\u00e9diteur de site et donc acteur d\u2019Internet, Groupe Viaduc consid\u00e8re\u202fla protection des donn\u00e9es des utilisateurs et le respect de leur vie priv\u00e9e comme une valeur fondamentale et un principe directeur de ses\u202factivit\u00e9s.\u00a0<\/p><p>\u00a0<\/p><p>De ce fait, Coworking Versailles s\u2019attache \u00e0 \u00eatre\u202fconforme au RGPD en informant les utilisateurs de son site (www.viaduc-groupe.com) et de ses \u00e9ventuelles applications vis \u00e0 vis de l\u2019utilisation faite par Groupe Viaduc de leurs donn\u00e9es \u00e0 caract\u00e8re personnel, de sa politique de confidentialit\u00e9 et de protection\u202fde ces donn\u00e9es ainsi qu\u2019\u00e0 son respect concernant\u202f\u202fla vie priv\u00e9e des utilisateurs du site de Groupe Viaduc\u00a0<\/p><p>\u00a0<\/p><p>La soci\u00e9t\u00e9 Groupe Viaduc s\u2019efforce d\u2019apporter de v\u00e9ritables garanties aux utilisateurs de son site et de ses \u00e9ventuelles applications mobiles\u202fet de r\u00e9pondre\u202faux crit\u00e8res\u202fen mati\u00e8re de protection des donn\u00e9es \u00e0 caract\u00e8re personnel et de confidentialit\u00e9.\u00a0<\/p><p>\u00a0<\/p><p>Pour vous informer sur le\u202fr\u00e8glement g\u00e9n\u00e9ral sur la protection des donn\u00e9es de 2018 (RGPD \/GPRD), Groupe Viaduc vous recommande de consulter\u202f<a href=\"http:\/\/eur-lex.europa.eu\/legal-content\/FR\/TXT\/PDF\/?uri=CELEX:32016R0679&amp;from=FR\" target=\"_blank\" rel=\"noreferrer noopener\">les textes officiels<\/a>\u202fet le\u202f<a href=\"https:\/\/www.cnil.fr\/\" target=\"_blank\" rel=\"noreferrer noopener\">site de la CNIL<\/a>\u202f o\u00f9 vous trouverez notamment\u202f<a href=\"https:\/\/www.cnil.fr\/fr\/textes-officiels-europeens-protection-donnees\" target=\"_blank\" rel=\"noreferrer noopener\">les textes l\u00e9gislatifs officiels<\/a>\u202frelatifs \u00e0 ce r\u00e8glement.\u00a0<\/p><p>\u00a0<\/p><p>Responsable des traitements et de la gestion des donn\u00e9es \u00e0 caract\u00e8re personnel et D\u00e9l\u00e9gu\u00e9 de la protection des donn\u00e9es (DPO) du site de Groupe Viaduc.<\/p><p><strong>\u202f<\/strong>\u00a0<\/p><p>Monsieur Florian LEFER\u00a0<\/p><p>\u00a0<\/p><p>Coordonn\u00e9es du responsable des donn\u00e9es \u00e0 caract\u00e8re personnel de la protection des donn\u00e9es du site de Groupe Viaduc.\u00a0<\/p><p>\u00a0<\/p><p>Monsieur Florian LEFER\u00a0<\/p><p>8 Avenue de Paris\u00a0<\/p><p>78000 Versailles\u00a0<\/p><p>\u00a0<\/p><p>D\u00c9FINITIONS\u00a0<\/p><p>\u00a0<\/p><p>Donn\u00e9es \u00e0 caract\u00e8re\u202fpersonnel\u202fou priv\u00e9 (ou donn\u00e9es personnelles)\u00a0<\/p><p>\u00a0<\/p><p>Les donn\u00e9es \u00e0 caract\u00e8re personnel comprennent tout type de donn\u00e9es utilisables pour identifier directement ou indirectement un individu\u202f ou la \u00ab\u202fpersonne concern\u00e9e\u202f\u00bb.\u00a0<\/p><p>\u00a0<\/p><p>Exemples\u202f: nom, photo, num\u00e9ro de t\u00e9l\u00e9phone, adresse (qui permettent une identification directe)\u202f; adresse IP, nom d\u2019utilisateur (qui permettent une identification indirecte), adresse de messagerie, etc.\u00a0<\/p><p>\u00a0<\/p><p>Utilisateur\u00a0<\/p><p>\u00a0<\/p><p>Est d\u00e9sign\u00e9e sous le terme de \u00ab\u202fpersonne concern\u00e9e\u202f\u00bb ou \u00abutilisateur\u00bb toute personne qui peut \u00eatre identifi\u00e9e, directement ou indirectement, par le biais d\u2019un identifiant (par exemple un nom, un num\u00e9ro d\u2019identification ou des donn\u00e9es de localisation) ou d\u2019un ou plusieurs \u00e9l\u00e9ments sp\u00e9cifiques propres \u00e0 son identit\u00e9 physique, physiologique, g\u00e9n\u00e9tique, psychique, \u00e9conomique, culturelle ou sociale. En d\u2019autres termes, une personne concern\u00e9e est un utilisateur final dont les donn\u00e9es \u00e0 caract\u00e8re personnel\u202fpeuvent \u00eatre recueillies.\u00a0<\/p><p>\u00a0<\/p><p>Traitement de donn\u00e9es \u00e0 caract\u00e8re personnel\u00a0<\/p><p>\u00a0<\/p><p>Toute op\u00e9ration ou tout ensemble d\u2019op\u00e9rations portant sur des\u202fdonn\u00e9es \u00e0 caract\u00e8re personnel, par quelque proc\u00e9d\u00e9 que ce soit (collecte, enregistrement, organisation, conservation, modification, extraction, consultation, transmission, diffusion ou toute autre forme de mise \u00e0 disposition, rapprochement ou interconnexion, ainsi que le verrouillage, l\u2019effacement ou la destruction).\u00a0<\/p><p>\u00a0<\/p><p>La collecte, le traitement et le stockage de donn\u00e9es \u00e0 caract\u00e8re personnel sont strictement encadr\u00e9s par le\u202fRGPD.\u00a0<\/p><p>\u00a0<\/p><p>Vous trouverez la d\u00e9finition officielle de \u00ab\u202fdonn\u00e9es \u00e0 caract\u00e8re personnel\u202f\u00bb selon le RGPD dans l\u2019<a href=\"http:\/\/eur-lex.europa.eu\/legal-content\/FR\/TXT\/PDF\/?uri=CELEX:32016R0679&amp;from=FR\" target=\"_blank\" rel=\"noreferrer noopener\">article 4.1 du RGPD<\/a>.\u00a0<\/p>\t\t\t\t\t\t\t\t<\/div>\n\t\t\t\t<\/div>\n\t\t\t\t\t<\/div>\n\t\t<\/div>\n\t\t\t\t\t<\/div>\n\t\t<\/section>\n\t\t\t\t<\/div>\n\t\t","protected":false},"excerpt":{"rendered":"<p>Politique de confidentialit\u00e9 Conform\u00e9ment aux articles 39 et suivants de la loi n\u00b0 78-17 du 6 janvier 1978 modifi\u00e9e en 2004 relative \u00e0 l\u2019informatique aux fichiers et aux libert\u00e9s et conform\u00e9ment au r\u00e8glement g\u00e9n\u00e9ral sur la protection des donn\u00e9es du 25 mai 2018, toute personne peut obtenir communication et, le cas \u00e9ch\u00e9ant, rectification ou suppression [&hellip;]<\/p>\n","protected":false},"author":1,"featured_media":0,"parent":0,"menu_order":0,"comment_status":"closed","ping_status":"closed","template":"","meta":{"site-sidebar-layout":"no-sidebar","site-content-layout":"page-builder","ast-site-content-layout":"default","site-content-style":"default","site-sidebar-style":"default","ast-global-header-display":"","ast-banner-title-visibility":"","ast-main-header-display":"","ast-hfb-above-header-display":"","ast-hfb-below-header-display":"","ast-hfb-mobile-header-display":"","site-post-title":"disabled","ast-breadcrumbs-content":"","ast-featured-img":"disabled","footer-sml-layout":"","ast-disable-related-posts":"","theme-transparent-header-meta":"","adv-header-id-meta":"","stick-header-meta":"","header-above-stick-meta":"","header-main-stick-meta":"","header-below-stick-meta":"","astra-migrate-meta-layouts":"default","ast-page-background-enabled":"default","ast-page-background-meta":{"desktop":{"background-color":"","background-image":"","background-repeat":"repeat","background-position":"center center","background-size":"auto","background-attachment":"scroll","background-type":"","background-media":"","overlay-type":"","overlay-color":"","overlay-opacity":"","overlay-gradient":""},"tablet":{"background-color":"","background-image":"","background-repeat":"repeat","background-position":"center center","background-size":"auto","background-attachment":"scroll","background-type":"","background-media":"","overlay-type":"","overlay-color":"","overlay-opacity":"","overlay-gradient":""},"mobile":{"background-color":"","background-image":"","background-repeat":"repeat","background-position":"center center","background-size":"auto","background-attachment":"scroll","background-type":"","background-media":"","overlay-type":"","overlay-color":"","overlay-opacity":"","overlay-gradient":""}},"ast-content-background-meta":{"desktop":{"background-color":"var(--ast-global-color-5)","background-image":"","background-repeat":"repeat","background-position":"center center","background-size":"auto","background-attachment":"scroll","background-type":"","background-media":"","overlay-type":"","overlay-color":"","overlay-opacity":"","overlay-gradient":""},"tablet":{"background-color":"var(--ast-global-color-5)","background-image":"","background-repeat":"repeat","background-position":"center center","background-size":"auto","background-attachment":"scroll","background-type":"","background-media":"","overlay-type":"","overlay-color":"","overlay-opacity":"","overlay-gradient":""},"mobile":{"background-color":"var(--ast-global-color-5)","background-image":"","background-repeat":"repeat","background-position":"center center","background-size":"auto","background-attachment":"scroll","background-type":"","background-media":"","overlay-type":"","overlay-color":"","overlay-opacity":"","overlay-gradient":""}},"footnotes":""},"class_list":["post-1505","page","type-page","status-publish","hentry"],"_links":{"self":[{"href":"https:\/\/viaduc-groupe.com\/index.php?rest_route=\/wp\/v2\/pages\/1505","targetHints":{"allow":["GET"]}}],"collection":[{"href":"https:\/\/viaduc-groupe.com\/index.php?rest_route=\/wp\/v2\/pages"}],"about":[{"href":"https:\/\/viaduc-groupe.com\/index.php?rest_route=\/wp\/v2\/types\/page"}],"author":[{"embeddable":true,"href":"https:\/\/viaduc-groupe.com\/index.php?rest_route=\/wp\/v2\/users\/1"}],"replies":[{"embeddable":true,"href":"https:\/\/viaduc-groupe.com\/index.php?rest_route=%2Fwp%2Fv2%2Fcomments&post=1505"}],"version-history":[{"count":16,"href":"https:\/\/viaduc-groupe.com\/index.php?rest_route=\/wp\/v2\/pages\/1505\/revisions"}],"predecessor-version":[{"id":1577,"href":"https:\/\/viaduc-groupe.com\/index.php?rest_route=\/wp\/v2\/pages\/1505\/revisions\/1577"}],"wp:attachment":[{"href":"https:\/\/viaduc-groupe.com\/index.php?rest_route=%2Fwp%2Fv2%2Fmedia&parent=1505"}],"curies":[{"name":"wp","href":"https:\/\/api.w.org\/{rel}","templated":true}]}}