{"id":1507,"date":"2022-08-24T21:27:00","date_gmt":"2022-08-24T19:27:00","guid":{"rendered":"http:\/\/viaduc-groupe.com\/?page_id=1507"},"modified":"2022-08-31T00:16:52","modified_gmt":"2022-08-30T22:16:52","slug":"mentions-legales","status":"publish","type":"page","link":"https:\/\/viaduc-groupe.com\/?page_id=1507","title":{"rendered":"Mentions l\u00e9gales"},"content":{"rendered":"\t\t<div data-elementor-type=\"wp-page\" data-elementor-id=\"1507\" class=\"elementor elementor-1507\">\n\t\t\t\t\t\t<section class=\"elementor-section elementor-top-section elementor-element elementor-element-1d3d7a73 elementor-section-height-min-height elementor-section-boxed elementor-section-height-default elementor-section-items-middle\" data-id=\"1d3d7a73\" data-element_type=\"section\">\n\t\t\t\t\t\t<div class=\"elementor-container elementor-column-gap-default\">\n\t\t\t\t\t<div class=\"elementor-column elementor-col-100 elementor-top-column elementor-element elementor-element-1e054a65\" data-id=\"1e054a65\" data-element_type=\"column\">\n\t\t\t<div class=\"elementor-widget-wrap elementor-element-populated\">\n\t\t\t\t\t\t<div class=\"elementor-element elementor-element-6ddeba15 elementor-widget elementor-widget-heading\" data-id=\"6ddeba15\" data-element_type=\"widget\" data-widget_type=\"heading.default\">\n\t\t\t\t<div class=\"elementor-widget-container\">\n\t\t\t\t\t<h1 class=\"elementor-heading-title elementor-size-default\">Mentions l\u00e9gales<\/h1>\t\t\t\t<\/div>\n\t\t\t\t<\/div>\n\t\t\t\t<div class=\"elementor-element elementor-element-5ce3ff9b elementor-widget elementor-widget-text-editor\" data-id=\"5ce3ff9b\" data-element_type=\"widget\" data-widget_type=\"text-editor.default\">\n\t\t\t\t<div class=\"elementor-widget-container\">\n\t\t\t\t\t\t\t\t\t<p><span style=\"font-style: inherit; font-weight: inherit; letter-spacing: 0px;\">Groupe Viaduc<\/span><\/p><p><span style=\"font-style: inherit; font-weight: inherit; letter-spacing: 0px;\">Propri\u00e9taire du site: Monsieur Florian LEFER Groupe Viaduc 8 Avenue de Paris 78000 VERSAILLES Entreprise cr\u00e9atrice et \u00e9ditrice du site:Groupe Viaduc, soci\u00e9t\u00e9 \u00e0 responsabilit\u00e9 limit\u00e9e<\/span><br><\/p>\n<p>SIREN 830646451<\/p>\n<p>SIRET 83064645100021<\/p>\n<p>Code NAF \/ APE 6420Z<\/p>\n<p>Directeur de publication\u202f: Monsieur Florian LEFER&nbsp;<\/p>\n<p>Conception, cr\u00e9ation graphique, d\u00e9veloppement et suivi technique\u202f:&nbsp;<\/p>\n<p>H\u00e9bergement du site&nbsp;<\/p>\n<p>OVH&nbsp;<br>https:\/\/www.ovhcloud.com&nbsp;<\/p>\n<p>Contacts\u202f:&nbsp;<\/p>\n<p>1&amp;1 Internet SARL&nbsp;<\/p>\n<p>Adresse\u202f: 2, Rue Kellermann, 59100\u202fRoubaix&nbsp;<\/p>\n<p>T\u00e9l\u00e9phone\u202f: +33 970 808\u202f911&nbsp;<\/p>\n<p>info@ovhcloud.com&nbsp;<\/p>\t\t\t\t\t\t\t\t<\/div>\n\t\t\t\t<\/div>\n\t\t\t\t\t<\/div>\n\t\t<\/div>\n\t\t\t\t\t<\/div>\n\t\t<\/section>\n\t\t\t\t<\/div>\n\t\t","protected":false},"excerpt":{"rendered":"<p>Mentions l\u00e9gales Groupe Viaduc Propri\u00e9taire du site: Monsieur Florian LEFER Groupe Viaduc 8 Avenue de Paris 78000 VERSAILLES Entreprise cr\u00e9atrice et \u00e9ditrice du site:Groupe Viaduc, soci\u00e9t\u00e9 \u00e0 responsabilit\u00e9 limit\u00e9e SIREN 830646451 SIRET 83064645100021 Code NAF \/ APE 6420Z Directeur de publication\u202f: Monsieur Florian LEFER&nbsp; Conception, cr\u00e9ation graphique, d\u00e9veloppement et suivi technique\u202f:&nbsp; H\u00e9bergement du site&nbsp; OVH&nbsp;https:\/\/www.ovhcloud.com&nbsp; [&hellip;]<\/p>\n","protected":false},"author":1,"featured_media":0,"parent":0,"menu_order":0,"comment_status":"closed","ping_status":"closed","template":"","meta":{"site-sidebar-layout":"no-sidebar","site-content-layout":"page-builder","ast-site-content-layout":"default","site-content-style":"default","site-sidebar-style":"default","ast-global-header-display":"","ast-banner-title-visibility":"","ast-main-header-display":"","ast-hfb-above-header-display":"","ast-hfb-below-header-display":"","ast-hfb-mobile-header-display":"","site-post-title":"disabled","ast-breadcrumbs-content":"","ast-featured-img":"disabled","footer-sml-layout":"","ast-disable-related-posts":"","theme-transparent-header-meta":"","adv-header-id-meta":"","stick-header-meta":"","header-above-stick-meta":"","header-main-stick-meta":"","header-below-stick-meta":"","astra-migrate-meta-layouts":"default","ast-page-background-enabled":"default","ast-page-background-meta":{"desktop":{"background-color":"","background-image":"","background-repeat":"repeat","background-position":"center center","background-size":"auto","background-attachment":"scroll","background-type":"","background-media":"","overlay-type":"","overlay-color":"","overlay-opacity":"","overlay-gradient":""},"tablet":{"background-color":"","background-image":"","background-repeat":"repeat","background-position":"center center","background-size":"auto","background-attachment":"scroll","background-type":"","background-media":"","overlay-type":"","overlay-color":"","overlay-opacity":"","overlay-gradient":""},"mobile":{"background-color":"","background-image":"","background-repeat":"repeat","background-position":"center center","background-size":"auto","background-attachment":"scroll","background-type":"","background-media":"","overlay-type":"","overlay-color":"","overlay-opacity":"","overlay-gradient":""}},"ast-content-background-meta":{"desktop":{"background-color":"var(--ast-global-color-5)","background-image":"","background-repeat":"repeat","background-position":"center center","background-size":"auto","background-attachment":"scroll","background-type":"","background-media":"","overlay-type":"","overlay-color":"","overlay-opacity":"","overlay-gradient":""},"tablet":{"background-color":"var(--ast-global-color-5)","background-image":"","background-repeat":"repeat","background-position":"center center","background-size":"auto","background-attachment":"scroll","background-type":"","background-media":"","overlay-type":"","overlay-color":"","overlay-opacity":"","overlay-gradient":""},"mobile":{"background-color":"var(--ast-global-color-5)","background-image":"","background-repeat":"repeat","background-position":"center center","background-size":"auto","background-attachment":"scroll","background-type":"","background-media":"","overlay-type":"","overlay-color":"","overlay-opacity":"","overlay-gradient":""}},"footnotes":""},"class_list":["post-1507","page","type-page","status-publish","hentry"],"_links":{"self":[{"href":"https:\/\/viaduc-groupe.com\/index.php?rest_route=\/wp\/v2\/pages\/1507","targetHints":{"allow":["GET"]}}],"collection":[{"href":"https:\/\/viaduc-groupe.com\/index.php?rest_route=\/wp\/v2\/pages"}],"about":[{"href":"https:\/\/viaduc-groupe.com\/index.php?rest_route=\/wp\/v2\/types\/page"}],"author":[{"embeddable":true,"href":"https:\/\/viaduc-groupe.com\/index.php?rest_route=\/wp\/v2\/users\/1"}],"replies":[{"embeddable":true,"href":"https:\/\/viaduc-groupe.com\/index.php?rest_route=%2Fwp%2Fv2%2Fcomments&post=1507"}],"version-history":[{"count":10,"href":"https:\/\/viaduc-groupe.com\/index.php?rest_route=\/wp\/v2\/pages\/1507\/revisions"}],"predecessor-version":[{"id":1589,"href":"https:\/\/viaduc-groupe.com\/index.php?rest_route=\/wp\/v2\/pages\/1507\/revisions\/1589"}],"wp:attachment":[{"href":"https:\/\/viaduc-groupe.com\/index.php?rest_route=%2Fwp%2Fv2%2Fmedia&parent=1507"}],"curies":[{"name":"wp","href":"https:\/\/api.w.org\/{rel}","templated":true}]}}